{"id":4446,"date":"2020-04-15T04:41:24","date_gmt":"2020-04-15T04:41:24","guid":{"rendered":"http:\/\/murialdo.cl\/?post_type=product&#038;p=4446"},"modified":"2022-02-08T16:28:25","modified_gmt":"2022-02-08T19:28:25","slug":"bolsa-de-burbujas","status":"publish","type":"product","link":"https:\/\/murialdo.cl\/?product=bolsa-de-burbujas","title":{"rendered":"BOLSAS DE BURBUJAS DE AIRE"},"content":{"rendered":"<h4><strong>Bolsas de burbujas de gran protecci\u00f3n para elementos con formas extra\u00f1as. Burbuja en el exterior, suave en el interior. contamos con variadas medidas:<\/strong><\/h4>\n<h4><strong> 30\u00d730 &#8211; 30\u00d735 &#8211; 34\u00d718 &#8211; 34\u00d734 &#8211; 35\u00d740 &#8211; 35\u00d745 &#8211; 40\u00d735 &#8211; 40\u00d750 &#8211;\u00a0 45\u00d745 &#8211; 50\u00d750 cm<\/strong><\/h4>\n","protected":false},"excerpt":{"rendered":"<h5><\/h5>\n<p>&nbsp;<\/p>\n","protected":false},"featured_media":4607,"template":"","meta":{"site-sidebar-layout":"default","site-content-layout":"default","ast-main-header-display":"","ast-hfb-above-header-display":"","ast-hfb-below-header-display":"","ast-hfb-mobile-header-display":"","site-post-title":"","ast-breadcrumbs-content":"","ast-featured-img":"","footer-sml-layout":"","theme-transparent-header-meta":"default","adv-header-id-meta":"","stick-header-meta":"","header-above-stick-meta":"","header-main-stick-meta":"","header-below-stick-meta":""},"product_cat":[25],"product_tag":[],"_links":{"self":[{"href":"https:\/\/murialdo.cl\/index.php?rest_route=\/wp\/v2\/product\/4446"}],"collection":[{"href":"https:\/\/murialdo.cl\/index.php?rest_route=\/wp\/v2\/product"}],"about":[{"href":"https:\/\/murialdo.cl\/index.php?rest_route=\/wp\/v2\/types\/product"}],"wp:featuredmedia":[{"embeddable":true,"href":"https:\/\/murialdo.cl\/index.php?rest_route=\/wp\/v2\/media\/4607"}],"wp:attachment":[{"href":"https:\/\/murialdo.cl\/index.php?rest_route=%2Fwp%2Fv2%2Fmedia&parent=4446"}],"wp:term":[{"taxonomy":"product_cat","embeddable":true,"href":"https:\/\/murialdo.cl\/index.php?rest_route=%2Fwp%2Fv2%2Fproduct_cat&post=4446"},{"taxonomy":"product_tag","embeddable":true,"href":"https:\/\/murialdo.cl\/index.php?rest_route=%2Fwp%2Fv2%2Fproduct_tag&post=4446"}],"curies":[{"name":"wp","href":"https:\/\/api.w.org\/{rel}","templated":true}]}}